705. What is the hundreds digit of y?
2
Let o = 814 - 450. What is the units digit of o?
4
Suppose 5*i - 2*z - 266 - 52 = 0, 3*z = -3*i + 174. What is the tens digit of i?
6
Suppose 4*u = -0*u + 20. Suppose -18 + 3 = -g + i, 4*g - u*i - 55 = 0. What is the tens digit of g?
2
Let z = 19 + -27. What is the units digit of (68/(-16))/(1/z)?
4
Let b = -511 + 239. Let k = b + 545. What is the tens digit of k?
7
Suppose 0 = 2*b - 3*g - 89, 4*b - 163 = -0*b + g. Suppose -3*r + 367 = b. What is the hundreds digit of r?
1
Suppose 30 = -4*m + 2*m. Suppose 0 = 12*f - 38 + 14. What is the units digit of 4/(-6)*m/f?
5
Let c(u) = -8*u + 55. Let n be c(6). Suppose -16 = -4*w, 0 = n*h - 3*h - 3*w - 732. What is the units digit of h?
6
Suppose 0 = -15*h - h + 19680. What is the thousands digit of h?
1
Let u be 1/((-1105)/(-1100) + -1). What is the tens digit of (8/(-10))/((-2)/u)?
8
Let n = -5513 + 8228. What is the hundreds digit of n?
7
Suppose 5*g = -5, 0 = 4*r - r + 4*g - 2906. What is the units digit of r?
0
Suppose -11*n = -24386 + 4124. What is the tens digit of n?
4
Let y = -43 - -47. Suppose -y*z = -3*z - 99. What is the units digit of z?
9
Suppose 650 = -3*b + 2*w, 0 = -5*b - 2*w + 6*w - 1084. Let f = 377 + b. What is the hundreds digit of f?
1
Suppose 0 = -0*y + 3*y - 2028. What is the tens digit of (-2)/6 - y/(-12)?
5
Let s = 24 - 0. Suppose -l - s = -123. What is the tens digit of l?
9
Let g(m) be the second derivative of m**4/12 - 4*m**3/3 - 15*m**2/2 + 28*m. What is the units digit of g(13)?
0
Suppose 50 = 3*n - t, -4*t = -2*t + 4. Let g be (-76)/6 + n/24. What is the tens digit of (-4)/(g/57) - 3?
1
Let c(t) = -8*t + 11. Let r(p) = -p**3 - 7*p**2 + 3*p + 15. Let s be r(-7). What is the tens digit of c(s)?
5
Let o(c) be the second derivative of c**5/120 + c**3/3 - 5*c. Let k(p) be the second derivative of o(p). What is the units digit of k(7)?
7
Suppose 12 = -4*w, -3*a = 10*w - 6*w - 1305. What is the units digit of a?
9
Let c = -32 - -49. Suppose c = t - 54. Let f = t - 39. What is the tens digit of f?
3
Let j(a) = a**3 - 4*a**2 - 2*a - 6. Let q = -46 + 51. What is the units digit of j(q)?
9
Let q = -57 - -12. What is the tens digit of 774/8 - (q/(-20))/(-9)?
9
Let w = -119 + 232. Suppose -1 = d - w. What is the hundreds digit of d?
1
Suppose 11*m - 10*m - 9637 = -5*s, 2*s - 3858 = -2*m. What is the units digit of s?
7
Suppose -2*x + 6140 = 2*x - 5*r, 4*x - 6100 = -5*r. What is the hundreds digit of x?
5
Suppose -5*s = -43 - 37. Let b = 9 - s. What is the tens digit of ((-4 - b) + 25)*1?
2
Let k(t) = -t**3 + 15*t**2 - 5*t + 23. Let q be k(16). Let r = -205 - q. What is the tens digit of r?
0
What is the units digit of -3*3/((-72)/5416)?
7
Let i(g) = 3*g - 7. Let d be i(-6). Let n(c) = -c**3 + 13*c**2 + 20*c - 67. Let z be n(14). Let u = z - d. What is the tens digit of u?
4
Suppose -195*t + 203*t = 8216. What is the hundreds digit of t?
0
Let g = 7 - 11. Let i(j) = j**3 + 3*j**2 + 2*j + 5. Let n be i(g). Let p = 0 - n. What is the tens digit of p?
1
Let a = -152 + 62. Let v = -40 - a. What is the units digit of v?
0
What is the units digit of (-17244)/(-14)*1 + (-12)/(-42)?
2
Let a = 1394 + -347. What is the thousands digit of a?
1
Suppose -14 = z + 4*n, 0*n + 10 = z - 2*n. Let a be (-1)/(z/(-6)) + 3. Let j(i) = i**3 - 5*i**2 - 5*i + 7. What is the units digit of j(a)?
3
Suppose 4*j + 9282 = 21*j. What is the hundreds digit of j?
5
Let z(n) = -25*n + 21. What is the units digit of z(-14)?
1
Suppose -19*v + 23*v - 8 = 0. What is the tens digit of -5*(1 - (172/10)/v)?
3
Let w(c) = 20*c - 135. What is the tens digit of w(20)?
6
Let y = -253 + 412. What is the tens digit of y?
5
Let x = -5344 + 10703. What is the thousands digit of x?
5
Suppose 5*b + 3*o = 397, b + 3*o + 83 = 2*b. Let y be 20/b + 142/8. What is the units digit of 106/9 + 4/y?
2
Let l be (2 + -3 + 2)*7. Let j be (-2)/l + (-80)/(-35). Suppose 4*u + 7 = 4*r + 5*u, -8 = -j*r - 2*u. What is the units digit of r?
1
What is the hundreds digit of (-860)/(-6)*4 - (-4)/(-3)?
5
What is the hundreds digit of (22 - -449)*(3/(-9) + 2)?
7
Suppose 0 = -10*a + 6*a. Suppose 3*s - 5*g = 866, -4*g + a*g + 857 = 3*s. Suppose -6*n + s = -n + h, 0 = -3*n - 5*h + 159. What is the units digit of n?
8
Let o(m) = 77*m**2 + 10*m - 3. Let t(f) = 38*f**2 + 5*f - 1. Let y(c) = 3*o(c) - 5*t(c). What is the tens digit of y(1)?
4
Suppose -t + 76 = q + 3*q, -38 = -2*q + 5*t. What is the units digit of (q - 19) + (-78)/(-2)?
9
What is the tens digit of 11/((-22)/10) - -343?
3
Let a be 13*8 + 0/3. Let p = 33 - a. Let t = 147 + p. What is the units digit of t?
6
What is the tens digit of 6269/4 - (-21)/28?
6
Let m be (1 - 2)/(4/(-12)). Suppose -m = 3*q - 9. Suppose q*z - 7*z = -55. What is the tens digit of z?
1
Let v = 452 - -1000. What is the thousands digit of v?
1
Let a(o) = -23*o + 31. Let c be a(-7). Let p = c - 76. What is the tens digit of p?
1
Suppose -4*x + 6*x + 3*y = -611, 3*x + 959 = 4*y. Let v = x + 450. What is the units digit of v?
7
Let p = -22 + 6. Let j be p/6*36/8. Let d = j + 35. What is the units digit of d?
3
Let h = 1681 + -1065. What is the tens digit of h?
1
Let m = 1149 - 418. What is the units digit of m?
1
Suppose -33*a + 79159 = 20419. What is the thousands digit of a?
1
What is the thousands digit of (-10)/225 + (-299935)/(-225)?
1
What is the units digit of 364 - 8*1/4?
2
Suppose -5*a + 65 = 2*d, 3*a + 150 = -d + 4*d. Suppose 15 = 3*u - d. Suppose 3*i - u = 142. What is the tens digit of i?
5
Let y(n) = 9*n**3 + 7*n**2 - 10*n + 2. Let z be y(3). Suppose -5*p + 157 + 263 = 3*f, 0 = 2*f + 4*p - z. What is the units digit of f?
5
What is the tens digit of (-37)/(-111) + (-2210)/(-3)?
3
Let f(g) = -3*g + 4. Let q be f(0). Suppose q*o - 116 = 544. What is the tens digit of o?
6
Let f be 2/(1 - 28/36). Suppose -5*k = -2*k + f, 2*l - 422 = -2*k. What is the hundreds digit of l?
2
Let k(j) = -j**3 + j + 13. Let z(x) = -x**2 - 10*x + 2. Let a be z(-10). Suppose 0 = a*h + h. What is the tens digit of k(h)?
1
Let z(c) = 7*c + 3. Let m be z(-7). Suppose 6*f + 0*f = 528. Let b = f + m. What is the units digit of b?
2
Suppose -w = -i + 2232 - 5977, w + 2*i - 3760 = 0. What is the tens digit of w?
5
What is the hundreds digit of 2 - -108 - (69 - 63)?
1
Let i be 123/18 + ((-7)/(-6))/7. Suppose -i*h + 6*h = 4*z - 218, -2*h = 5*z - 436. What is the tens digit of h?
1
Let l = 2200 - 1536. Suppose -158 + l = 11*j. What is the tens digit of j?
4
Let g = 89 + -102. Let m(v) = v**3 + 16*v**2 + 18*v + 38. What is the units digit of m(g)?
1
Suppose 3*g - 3 = -0. Let y be (-1 - 2)*1/g. What is the tens digit of 19/(y + 2)*-3?
5
Let b(w) be the second derivative of w**5/20 - w**4/2 - 5*w**3/2 + 9*w**2/2 + 10*w. What is the units digit of b(9)?
7
Let n be (-12222)/(-45) - 2/(-5). Suppose -3*z = 9, n = 2*o + 2*o + 4*z. What is the tens digit of o?
7
Let a = 413 + 540. What is the tens digit of a?
5
Suppose 25*x - 24*x - 90 = 0. Suppose -30 = -a - 3*j, -a - 5*j + x = 2*a. What is the tens digit of a?
3
Suppose -r = -2*r + 4*w + 16, 0 = -3*r - 5*w - 3. Suppose 0 = -r*h - 3*g - 2*g - 15, -4*h = 2*g + 30. Let v = 12 - h. What is the units digit of v?
2
Suppose 0 = 8*x + 10 + 190. Let t = 87 - x. What is the units digit of t?
2
Suppose -5*y - 3*d + 4*d = -3914, 2*y + 3*d - 1552 = 0. What is the hundreds digit of y?
7
Let b = 1476 + -600. What is the hundreds digit of b?
8
Suppose 0 = -5*a + a + 8. Let w be ((-4)/6)/(44/(-198)). Suppose 5*j - 175 = 5*c, w*c - a = -j + 45. What is the units digit of j?
8
Let x be ((-2)/(-10)*4)/(42/(-105)). What is the tens digit of (1/x)/(3/(-234))?
3
Let m = 79 - -122. What is the tens digit of m?
0
Suppose -2*a + a - 8 = -5*s, 2*a - 44 = -2*s. Let h = 17 - a. What is the units digit of ((-25)/(-1))/(1 + h)?
5
Let z(x) = -4 + x + 3 - 5. Let w be z(-6). What is the units digit of 117/w*(-16)/6?
6
Let t = 392 + 10. What is the hundreds digit of t?
4
Suppose -c - 817 = -2*o, 5*o + c + 0*c = 2046. What is the tens digit of o?
0
Let d(g) be the third derivative of 0 + 5*g**2 - 1/120*g**6 - 1/12*g**5 + 3/8*g**4 - 5/3*g**3 + 0*g. What is the units digit of d(-7)?
5
Suppose 1214 - 15312 = -7*v. What is the units digit of v?
4
Let l(d) = 2*d - 8. Let c be l(12). Let m = c - 12. What is the un